{"id":177,"date":"2023-05-13T19:44:00","date_gmt":"2023-05-13T23:44:00","guid":{"rendered":"https:\/\/revue.dscarfone.com\/?page_id=177"},"modified":"2023-05-14T08:08:20","modified_gmt":"2023-05-14T12:08:20","slug":"10-temoigner-dune-pratique","status":"publish","type":"page","link":"https:\/\/revue.dscarfone.com\/index.php\/10-temoigner-dune-pratique\/","title":{"rendered":"10- T\u00e9moigner d&rsquo;une pratique"},"content":{"rendered":"\n<p><a href=\"http:\/\/revue.dscarfone.com\/wp-content\/uploads\/2023\/05\/10-Andre.pdf\" target=\"_blank\" rel=\"noreferrer noopener\">ARGUMENT<\/a><\/p>\n\n\n\n<p><em><a href=\"http:\/\/revue.dscarfone.com\/wp-content\/uploads\/2023\/05\/10-Mauger.pdf\" target=\"_blank\" rel=\"noreferrer noopener\">MAUGER &#8211; Pratiques de m\u00e9moire, pratiques de r\u00e9p\u00e9tition;<\/a><\/em><\/p>\n\n\n\n<p><em><a href=\"http:\/\/revue.dscarfone.com\/wp-content\/uploads\/2023\/05\/10-Lavie.pdf\" target=\"_blank\" rel=\"noreferrer noopener\">LAVIE &#8211; Lettre sauvage \u00e0 Umberto Eco;<\/a><\/em><\/p>\n\n\n\n<p><a href=\"http:\/\/revue.dscarfone.com\/wp-content\/uploads\/2023\/05\/10-Cady.pdf\" target=\"_blank\" rel=\"noreferrer noopener\"><em>CADY &#8211; Sur quel regard donnent les vues?<\/em><\/a><\/p>\n\n\n\n<p><a href=\"http:\/\/revue.dscarfone.com\/wp-content\/uploads\/2023\/05\/10-Andre.pdf\"><em>ANDR\u00c9<\/em>, <em>L&rsquo;objet : mode d&#8217;emploi;<\/em><\/a><\/p>\n\n\n\n<p><em><a href=\"http:\/\/revue.dscarfone.com\/wp-content\/uploads\/2023\/05\/10-Michon.pdf\" target=\"_blank\" rel=\"noreferrer noopener\">MICHON,  Objet de malheur;<\/a><\/em><\/p>\n\n\n\n<p><em><a href=\"http:\/\/revue.dscarfone.com\/wp-content\/uploads\/2023\/05\/10-J.Gauthier.pdf\" target=\"_blank\" rel=\"noreferrer noopener\">GAUTHIER, J &#8211; L&rsquo;analyste : mode d&#8217;emploi;<\/a><\/em><\/p>\n\n\n\n<p><a href=\"http:\/\/revue.dscarfone.com\/wp-content\/uploads\/2023\/05\/10-Furlong.pdf\" target=\"_blank\" rel=\"noreferrer noopener\"><em>FURLONG,  <\/em>Histoire de cas: histoire de qui ?<\/a><\/p>\n\n\n\n<p><em><a href=\"http:\/\/revue.dscarfone.com\/wp-content\/uploads\/2023\/05\/10-L.Gauthier.pdf\" target=\"_blank\" rel=\"noreferrer noopener\">GAUTHIER, L, La pratique du t\u00e9moignage;<\/a><\/em><\/p>\n\n\n\n<p><em><a href=\"http:\/\/revue.dscarfone.com\/wp-content\/uploads\/2023\/05\/10-M.GauthierEtal.pdf\" target=\"_blank\" rel=\"noreferrer noopener\">GAUTHIER, M, BIENVENU, J.-P., DE CARUFEL, F., ECHLIN J. &#8211; Vers une dissym\u00e9trie ouverte;<\/a><\/em><\/p>\n\n\n\n<p><em><a href=\"http:\/\/revue.dscarfone.com\/wp-content\/uploads\/2023\/05\/10-Pandolfi.pdf\" target=\"_blank\" rel=\"noreferrer noopener\">PANDOLFI, D&rsquo;une double pratique;<\/a><\/em><\/p>\n\n\n\n<p><em><a href=\"http:\/\/revue.dscarfone.com\/wp-content\/uploads\/2023\/05\/10-Lamonde.pdf\" target=\"_blank\" rel=\"noreferrer noopener\">LAMONDE,  La fiche et le divan;<\/a><\/em><\/p>\n\n\n\n<p><em><a href=\"http:\/\/revue.dscarfone.com\/wp-content\/uploads\/2023\/05\/10-Kirshner.pdf\" target=\"_blank\" rel=\"noreferrer noopener\">KIRSCHNER,  Vers un r\u00e9alisme post-moderne pour la psychanalyse;<\/a><\/em><\/p>\n\n\n\n<p><em><a href=\"http:\/\/revue.dscarfone.com\/wp-content\/uploads\/2023\/05\/10-M.Gauthier.pdf\" target=\"_blank\" rel=\"noreferrer noopener\">GAUTHIER, M, Le loup;<\/a><\/em><\/p>\n\n\n\n<p><em><a href=\"http:\/\/revue.dscarfone.com\/wp-content\/uploads\/2023\/05\/10-Scott.pdf\" target=\"_blank\" rel=\"noreferrer noopener\">SCOTT,  Une conception psychanalytique des sources de la d\u00e9pression;<\/a><\/em><\/p>\n\n\n\n<p><a href=\"http:\/\/revue.dscarfone.com\/wp-content\/uploads\/2023\/05\/10-Giguere.pdf\" target=\"_blank\" rel=\"noreferrer noopener\"><em>GIGU\u00c8RE,   Du(r) retour de vacances;<\/em><\/a><\/p>\n\n\n\n<p><em><a href=\"http:\/\/revue.dscarfone.com\/wp-content\/uploads\/2023\/05\/10-Lallo.pdf\" target=\"_blank\" rel=\"noreferrer noopener\">LALLO, Suite de petits riens qui font lien;<\/a><\/em><\/p>\n\n\n\n<p><em><a href=\"http:\/\/revue.dscarfone.com\/wp-content\/uploads\/2023\/05\/10-Scarfone.pdf\" target=\"_blank\" rel=\"noreferrer noopener\">SCARFONE, T\u00e9moigner d\u00a0\u00bbune revue.<\/a><\/em><\/p>\n\n\n\n<p><\/p>\n\n\n\n<p><\/p>\n\n\n\n<p><\/p>\n","protected":false},"excerpt":{"rendered":"<p>ARGUMENT MAUGER &#8211; Pratiques de m\u00e9moire, pratiques de r\u00e9p\u00e9tition; LAVIE &#8211; Lettre sauvage \u00e0 Umberto Eco; CADY &#8211; Sur quel regard donnent les vues? ANDR\u00c9, L&rsquo;objet : mode d&#8217;emploi; MICHON, Objet de malheur; GAUTHIER, J &#8211; L&rsquo;analyste : mode d&#8217;emploi; FURLONG, Histoire de cas: histoire de qui ? GAUTHIER, L, La pratique du t\u00e9moignage; GAUTHIER, &hellip; <\/p>\n<p class=\"link-more\"><a href=\"https:\/\/revue.dscarfone.com\/index.php\/10-temoigner-dune-pratique\/\" class=\"more-link\">Continuer la lecture<span class=\"screen-reader-text\"> de &laquo; 10- T\u00e9moigner d&rsquo;une pratique &raquo;<\/span><\/a><\/p>\n","protected":false},"author":1,"featured_media":0,"parent":0,"menu_order":0,"comment_status":"closed","ping_status":"closed","template":"","meta":{"footnotes":""},"class_list":["post-177","page","type-page","status-publish","hentry"],"_links":{"self":[{"href":"https:\/\/revue.dscarfone.com\/index.php\/wp-json\/wp\/v2\/pages\/177","targetHints":{"allow":["GET"]}}],"collection":[{"href":"https:\/\/revue.dscarfone.com\/index.php\/wp-json\/wp\/v2\/pages"}],"about":[{"href":"https:\/\/revue.dscarfone.com\/index.php\/wp-json\/wp\/v2\/types\/page"}],"author":[{"embeddable":true,"href":"https:\/\/revue.dscarfone.com\/index.php\/wp-json\/wp\/v2\/users\/1"}],"replies":[{"embeddable":true,"href":"https:\/\/revue.dscarfone.com\/index.php\/wp-json\/wp\/v2\/comments?post=177"}],"version-history":[{"count":2,"href":"https:\/\/revue.dscarfone.com\/index.php\/wp-json\/wp\/v2\/pages\/177\/revisions"}],"predecessor-version":[{"id":228,"href":"https:\/\/revue.dscarfone.com\/index.php\/wp-json\/wp\/v2\/pages\/177\/revisions\/228"}],"wp:attachment":[{"href":"https:\/\/revue.dscarfone.com\/index.php\/wp-json\/wp\/v2\/media?parent=177"}],"curies":[{"name":"wp","href":"https:\/\/api.w.org\/{rel}","templated":true}]}}