{"id":169,"date":"2023-05-13T19:23:47","date_gmt":"2023-05-13T23:23:47","guid":{"rendered":"https:\/\/revue.dscarfone.com\/?page_id=169"},"modified":"2023-05-14T06:55:19","modified_gmt":"2023-05-14T10:55:19","slug":"6-la-relation-dobjet","status":"publish","type":"page","link":"https:\/\/revue.dscarfone.com\/index.php\/6-la-relation-dobjet\/","title":{"rendered":"6- La relation d&rsquo;objet"},"content":{"rendered":"\n<p><em><a href=\"http:\/\/revue.dscarfone.com\/wp-content\/uploads\/2023\/05\/6-Argument.pdf\" target=\"_blank\" rel=\"noreferrer noopener\">ARGUMENT<\/a><\/em><\/p>\n\n\n\n<p><a href=\"http:\/\/revue.dscarfone.com\/wp-content\/uploads\/2023\/05\/6-Mauger.pdf\" target=\"_blank\" rel=\"noreferrer noopener\"><em>MAUGER<\/em>,\u00a0<em>Ne voyez-vous pas ce que je veux dire ? ;<\/em><\/a><\/p>\n\n\n\n<p><em><a href=\"http:\/\/revue.dscarfone.com\/wp-content\/uploads\/2023\/05\/6-David-Menard.pdf\" target=\"_blank\" rel=\"noreferrer noopener\">DAVID-M\u00c9NARD, Aussi souvent qu\u2019on voudra ;<\/a><\/em><\/p>\n\n\n\n<p><em><a href=\"http:\/\/revue.dscarfone.com\/wp-content\/uploads\/2023\/05\/6-Lussier.pdf\" target=\"_blank\" rel=\"noreferrer noopener\">LUSSIER, L\u2019objet et le rien ;<\/a><\/em><\/p>\n\n\n\n<p><em><a href=\"http:\/\/revue.dscarfone.com\/wp-content\/uploads\/2023\/05\/6-Drapeau.pdf\" data-type=\"URL\" data-id=\"http:\/\/revue.dscarfone.com\/wp-content\/uploads\/2023\/05\/6-Drapeau.pdf\" target=\"_blank\" rel=\"noreferrer noopener\">DRAPEAU, La science et le point de vue du jardinier ;<\/a><\/em><\/p>\n\n\n\n<p><em><a href=\"http:\/\/revue.dscarfone.com\/wp-content\/uploads\/2023\/05\/6-Bienvenu.pdf\" target=\"_blank\" rel=\"noreferrer noopener\">BIENVENU, La relation d\u2019objet et la rencontre analytique ;<\/a><\/em><\/p>\n\n\n\n<p><em><a href=\"http:\/\/revue.dscarfone.com\/wp-content\/uploads\/2023\/05\/6-Michon.pdf\" target=\"_blank\" rel=\"noreferrer noopener\">MICHON, Winnicott masculin-f\u00e9minin ;<\/a><\/em><\/p>\n\n\n\n<p><em><a href=\"http:\/\/revue.dscarfone.com\/wp-content\/uploads\/2023\/05\/6-Reid.pdf\" target=\"_blank\" rel=\"noreferrer noopener\">REID, Le transfert difficilement analysable ;<\/a><\/em><\/p>\n\n\n\n<p><em><a href=\"http:\/\/revue.dscarfone.com\/wp-content\/uploads\/2023\/05\/6-Janin.pdf\" target=\"_blank\" rel=\"noreferrer noopener\">JANIN, La r\u00e9alit\u00e9 et son objet : propositions th\u00e9oriques ;<\/a><\/em><\/p>\n\n\n\n<p><em><a href=\"http:\/\/revue.dscarfone.com\/wp-content\/uploads\/2023\/05\/6-Bouchard.pdf\" target=\"_blank\" rel=\"noreferrer noopener\">BOUCHARD, La relation d\u2019objet et la structure psychique ;<\/a><\/em><\/p>\n\n\n\n<hr class=\"wp-block-separator has-alpha-channel-opacity\"\/>\n\n\n\n<p><strong><em>Libre \u00e0 soi<\/em><\/strong><\/p>\n\n\n\n<p><em><a href=\"http:\/\/revue.dscarfone.com\/wp-content\/uploads\/2023\/05\/6-Routier.pdf\" target=\"_blank\" rel=\"noreferrer noopener\">ROUTIER, La le\u00e7on de Freud ; <\/a><\/em><\/p>\n\n\n\n<p><a href=\"http:\/\/revue.dscarfone.com\/wp-content\/uploads\/2023\/05\/6-Imbeault.pdf\" target=\"_blank\" rel=\"noreferrer noopener\"><em>IMBEAULT<\/em>,\u00a0<em>Le mouvement psychanalytique VI.<\/em><\/a><\/p>\n","protected":false},"excerpt":{"rendered":"<p>ARGUMENT MAUGER,\u00a0Ne voyez-vous pas ce que je veux dire ? ; DAVID-M\u00c9NARD, Aussi souvent qu\u2019on voudra ; LUSSIER, L\u2019objet et le rien ; DRAPEAU, La science et le point de vue du jardinier ; BIENVENU, La relation d\u2019objet et la rencontre analytique ; MICHON, Winnicott masculin-f\u00e9minin ; REID, Le transfert difficilement analysable ; JANIN, La &hellip; <\/p>\n<p class=\"link-more\"><a href=\"https:\/\/revue.dscarfone.com\/index.php\/6-la-relation-dobjet\/\" class=\"more-link\">Continuer la lecture<span class=\"screen-reader-text\"> de &laquo; 6- La relation d&rsquo;objet &raquo;<\/span><\/a><\/p>\n","protected":false},"author":1,"featured_media":0,"parent":0,"menu_order":0,"comment_status":"closed","ping_status":"closed","template":"","meta":{"footnotes":""},"class_list":["post-169","page","type-page","status-publish","hentry"],"_links":{"self":[{"href":"https:\/\/revue.dscarfone.com\/index.php\/wp-json\/wp\/v2\/pages\/169","targetHints":{"allow":["GET"]}}],"collection":[{"href":"https:\/\/revue.dscarfone.com\/index.php\/wp-json\/wp\/v2\/pages"}],"about":[{"href":"https:\/\/revue.dscarfone.com\/index.php\/wp-json\/wp\/v2\/types\/page"}],"author":[{"embeddable":true,"href":"https:\/\/revue.dscarfone.com\/index.php\/wp-json\/wp\/v2\/users\/1"}],"replies":[{"embeddable":true,"href":"https:\/\/revue.dscarfone.com\/index.php\/wp-json\/wp\/v2\/comments?post=169"}],"version-history":[{"count":2,"href":"https:\/\/revue.dscarfone.com\/index.php\/wp-json\/wp\/v2\/pages\/169\/revisions"}],"predecessor-version":[{"id":217,"href":"https:\/\/revue.dscarfone.com\/index.php\/wp-json\/wp\/v2\/pages\/169\/revisions\/217"}],"wp:attachment":[{"href":"https:\/\/revue.dscarfone.com\/index.php\/wp-json\/wp\/v2\/media?parent=169"}],"curies":[{"name":"wp","href":"https:\/\/api.w.org\/{rel}","templated":true}]}}